{"id":264,"date":"2023-04-07T11:55:24","date_gmt":"2023-04-07T09:55:24","guid":{"rendered":"http:\/\/www.sfz-muenchen.musin.de\/wordpress\/?page_id=264"},"modified":"2024-03-08T16:21:54","modified_gmt":"2024-03-08T15:21:54","slug":"das-sonderpaedagogische-foerderzentrum-sfz","status":"publish","type":"page","link":"http:\/\/sfz-muenchen.musin.de\/wordpress\/das-sonderpaedagogische-foerderzentrum-sfz\/","title":{"rendered":"DAS SONDERP\u00c4DAGOGISCHE F\u00d6RDERZENTRUM (SFZ)"},"content":{"rendered":"\n<div class=\"wp-block-cover alignfull\"><span aria-hidden=\"true\" class=\"wp-block-cover__background has-nv-site-bg-background-color has-background-dim-90 has-background-dim\"><\/span><div class=\"wp-block-cover__inner-container is-layout-flow wp-block-cover-is-layout-flow\">\n<div class=\"wp-block-cover alignwide\" style=\"min-height:433px;aspect-ratio:unset;\"><span aria-hidden=\"true\" class=\"wp-block-cover__background has-nv-text-dark-bg-background-color has-background-dim-0 has-background-dim\"><\/span><div class=\"wp-block-cover__inner-container is-layout-flow wp-block-cover-is-layout-flow\">\n<div class=\"wp-block-columns is-layout-flex wp-container-core-columns-is-layout-1 wp-block-columns-is-layout-flex\">\n<div class=\"wp-block-column is-vertically-aligned-center is-layout-flow wp-block-column-is-layout-flow\">\n<h2 class=\"wp-block-heading has-neve-link-color-color has-text-color\">DAS SONDERP\u00c4DAGOGISCHE F\u00d6RDERZENTRUM (SFZ)<\/h2>\n\n\n\n<p class=\"has-neve-link-color-color has-text-color\">KOMPETENZZENTRUM F\u00dcR KINDER UND JUGENDLICHE MIT ERH\u00d6HTEM F\u00d6RDERBEDARF<\/p>\n\n\n\n<p class=\"has-neve-link-color-color has-text-color\">Die Sch\u00fclerinnen und Sch\u00fcler werden in kleinen Klassen unterrichtet und erhalten eine auf die individuellen Lernbed\u00fcrfnisse zugeschnittene F\u00f6rderung. Auf diese Weise unterst\u00fctzen die sonderp\u00e4dagogischen F\u00f6rderzentren das aktive und angstfreie Lernen.<\/p>\n<\/div>\n\n\n\n<div class=\"wp-block-column is-layout-flow wp-block-column-is-layout-flow\">\n<figure class=\"wp-block-image size-medium is-resized\"><img loading=\"lazy\" decoding=\"async\" width=\"300\" height=\"300\" src=\"http:\/\/sfz-muenchen.musin.de\/wordpress\/wp-content\/uploads\/2023\/04\/sfz-grafik-300x300.jpg\" alt=\"\" class=\"wp-image-52\" style=\"width:385px;height:385px\" srcset=\"http:\/\/sfz-muenchen.musin.de\/wordpress\/wp-content\/uploads\/2023\/04\/sfz-grafik-300x300.jpg 300w, http:\/\/sfz-muenchen.musin.de\/wordpress\/wp-content\/uploads\/2023\/04\/sfz-grafik-1024x1024.jpg 1024w, http:\/\/sfz-muenchen.musin.de\/wordpress\/wp-content\/uploads\/2023\/04\/sfz-grafik-150x150.jpg 150w, http:\/\/sfz-muenchen.musin.de\/wordpress\/wp-content\/uploads\/2023\/04\/sfz-grafik-768x768.jpg 768w, http:\/\/sfz-muenchen.musin.de\/wordpress\/wp-content\/uploads\/2023\/04\/sfz-grafik.jpg 1068w\" sizes=\"auto, (max-width: 300px) 100vw, 300px\" \/><\/figure>\n<\/div>\n<\/div>\n<\/div><\/div>\n<\/div><\/div>\n\n\n\n<div class=\"wp-block-cover alignfull\"><span aria-hidden=\"true\" class=\"wp-block-cover__background has-nv-site-bg-background-color has-background-dim-90 has-background-dim\"><\/span><div class=\"wp-block-cover__inner-container is-layout-flow wp-block-cover-is-layout-flow\">\n<div class=\"wp-block-cover alignwide\"><span aria-hidden=\"true\" class=\"wp-block-cover__background has-nv-site-bg-background-color has-background-dim-90 has-background-dim\"><\/span><div class=\"wp-block-cover__inner-container is-layout-flow wp-block-cover-is-layout-flow\">\n<div style=\"height:100px\" aria-hidden=\"true\" class=\"wp-block-spacer\"><\/div>\n\n\n\n<h2 class=\"wp-block-heading has-text-align-center has-neve-link-color-color has-text-color has-medium-font-size\">Unsere Sch\u00fclerinnen und Sch\u00fcler haben sonderp\u00e4dagogischen F\u00f6rderbedarf in den Bereichen:<\/h2>\n\n\n\n<div class=\"wp-block-columns is-layout-flex wp-container-core-columns-is-layout-2 wp-block-columns-is-layout-flex\">\n<div class=\"wp-block-column is-layout-flow wp-block-column-is-layout-flow\">\n<div class=\"wp-block-cover is-light has-custom-content-position is-position-top-left\"><span aria-hidden=\"true\" class=\"wp-block-cover__background has-background-dim-100 has-background-dim\" style=\"background-color:#46b148\"><\/span><div class=\"wp-block-cover__inner-container is-layout-flow wp-block-cover-is-layout-flow\">\n<h2 class=\"wp-block-heading has-nv-site-bg-color has-text-color\">Lernen<\/h2>\n\n\n\n<ul class=\"wp-block-list\">\n<li style=\"font-size:16px\">Lernen<\/li>\n\n\n\n<li style=\"font-size:16px\">Motorik und Wahrnehmung<\/li>\n\n\n\n<li style=\"font-size:16px\">Denken und Lernstrategien<\/li>\n\n\n\n<li style=\"font-size:16px\">Kommunikation und Sprache<\/li>\n\n\n\n<li style=\"font-size:16px\">Emotionen und soziales Handeln<\/li>\n<\/ul>\n<\/div><\/div>\n<\/div>\n\n\n\n<div class=\"wp-block-column is-layout-flow wp-block-column-is-layout-flow\">\n<div class=\"wp-block-cover is-light has-custom-content-position is-position-top-left\"><span aria-hidden=\"true\" class=\"wp-block-cover__background has-background-dim-100 has-background-dim\" style=\"background-color:#2ea6e4\"><\/span><div class=\"wp-block-cover__inner-container is-layout-flow wp-block-cover-is-layout-flow\">\n<h2 class=\"wp-block-heading has-nv-site-bg-color has-text-color\">Sprache<\/h2>\n\n\n\n<ul class=\"wp-block-list\">\n<li style=\"font-size:16px;font-style:normal;font-weight:200\">Artikulation und Grammatik<\/li>\n\n\n\n<li style=\"font-size:16px;font-style:normal;font-weight:200\">Wortschatz und Sprachverst\u00e4ndnis<\/li>\n\n\n\n<li style=\"font-size:16px;font-style:normal;font-weight:200\">Auditive Wahrnehmung<\/li>\n\n\n\n<li style=\"font-size:16px;font-style:normal;font-weight:200\">Kommunikation<\/li>\n\n\n\n<li style=\"font-size:16px;font-style:normal;font-weight:200\">Redefluss<\/li>\n\n\n\n<li style=\"font-size:16px;font-style:normal;font-weight:200\">Stimme<\/li>\n\n\n\n<li style=\"font-size:16px;font-style:normal;font-weight:200\">Schriftsprache<\/li>\n<\/ul>\n<\/div><\/div>\n<\/div>\n\n\n\n<div class=\"wp-block-column is-layout-flow wp-block-column-is-layout-flow\">\n<div class=\"wp-block-cover is-light has-custom-content-position is-position-top-left\"><span aria-hidden=\"true\" class=\"wp-block-cover__background has-background-dim-100 has-background-dim\" style=\"background-color:#f89c1d\"><\/span><div class=\"wp-block-cover__inner-container is-layout-flow wp-block-cover-is-layout-flow\">\n<h2 class=\"wp-block-heading has-nv-site-bg-color has-text-color\">emotionale und soziale Entwicklung<\/h2>\n\n\n\n<ul class=\"wp-block-list\">\n<li style=\"font-size:16px;font-style:normal;font-weight:200\">Verhaltenssteuerung<\/li>\n\n\n\n<li style=\"font-size:16px;font-style:normal;font-weight:200\">Aufmerksamkeitssteuerung<\/li>\n\n\n\n<li style=\"font-size:16px;font-style:normal;font-weight:200\">\u00c4ngste<\/li>\n\n\n\n<li style=\"font-size:16px;font-style:normal;font-weight:200\">Bindungssicherheit<\/li>\n\n\n\n<li style=\"font-size:16px;font-style:normal;font-weight:200\">Selbstwertgef\u00fchl und Misserfolgserwartungen<\/li>\n\n\n\n<li style=\"font-size:16px;font-style:normal;font-weight:200\">Sozialverhalten<\/li>\n\n\n\n<li style=\"font-size:16px;font-style:normal;font-weight:200\">Lern- und Leistungsmotivation<\/li>\n<\/ul>\n<\/div><\/div>\n<\/div>\n<\/div>\n\n\n\n<p><\/p>\n<\/div><\/div>\n<\/div><\/div>\n\n\n\n<div class=\"wp-block-cover alignfull\"><span aria-hidden=\"true\" class=\"wp-block-cover__background has-neve-link-hover-color-background-color has-background-dim-90 has-background-dim\"><\/span><div class=\"wp-block-cover__inner-container is-layout-flow wp-block-cover-is-layout-flow\">\n<div style=\"height:100px\" aria-hidden=\"true\" class=\"wp-block-spacer\"><\/div>\n\n\n\n<div class=\"wp-block-cover alignwide\"><span aria-hidden=\"true\" class=\"wp-block-cover__background has-nv-site-bg-background-color has-background-dim-0 has-background-dim\"><\/span><div class=\"wp-block-cover__inner-container is-layout-flow wp-block-cover-is-layout-flow\">\n<h1 class=\"wp-block-heading has-text-align-center has-nv-site-bg-color has-text-color\">ERREICHBARE ABSCHL\u00dcSSE AM SFZ<\/h1>\n\n\n\n<div class=\"wp-block-columns is-layout-flex wp-container-core-columns-is-layout-3 wp-block-columns-is-layout-flex\">\n<div class=\"wp-block-column is-layout-flow wp-block-column-is-layout-flow\">\n<div class=\"wp-block-cover has-custom-content-position is-position-top-center\" style=\"min-height:348px;aspect-ratio:unset;\"><span aria-hidden=\"true\" class=\"wp-block-cover__background has-nv-site-bg-background-color has-background-dim-100 has-background-dim\"><\/span><div class=\"wp-block-cover__inner-container is-layout-flow wp-block-cover-is-layout-flow\">\n<p class=\"has-neve-link-color-color has-text-color has-medium-font-size\">ABSCHLUSS MIT EINER BESCHREIBUNG DER ERREICHTEN<br><strong>INDIVIDUELLEN LERNZIELE <\/strong>UND KOMPETENZEN IN ALLEN<br>UNTERRICHTSF\u00c4CHERN<\/p>\n\n\n<div class=\"h5p-iframe-wrapper\"><iframe id=\"h5p-iframe-1\" class=\"h5p-iframe\" data-content-id=\"1\" style=\"height:1px\" src=\"about:blank\" frameBorder=\"0\" scrolling=\"no\" title=\"Abschl\u00fcsse\"><\/iframe><\/div>\n<\/div><\/div>\n<\/div>\n\n\n\n<div class=\"wp-block-column is-layout-flow wp-block-column-is-layout-flow\">\n<div class=\"wp-block-cover has-custom-content-position is-position-top-center\" style=\"min-height:353px;aspect-ratio:unset;\"><span aria-hidden=\"true\" class=\"wp-block-cover__background has-nv-site-bg-background-color has-background-dim-100 has-background-dim\"><\/span><div class=\"wp-block-cover__inner-container is-layout-flow wp-block-cover-is-layout-flow\">\n<p class=\"has-neve-link-color-color has-text-color has-medium-font-size\">ERFOLGREICHER ABSCHLUSS IM BILDUNGSGANG<br>DES <strong>F\u00d6RDERSCHWERPUNKTS LERNEN<\/strong><\/p>\n\n\n\n<p><\/p>\n\n\n<div class=\"h5p-iframe-wrapper\"><iframe id=\"h5p-iframe-3\" class=\"h5p-iframe\" data-content-id=\"3\" style=\"height:1px\" src=\"about:blank\" frameBorder=\"0\" scrolling=\"no\" title=\"L\"><\/iframe><\/div>\n<\/div><\/div>\n<\/div>\n\n\n\n<div class=\"wp-block-column is-layout-flow wp-block-column-is-layout-flow\">\n<div class=\"wp-block-cover has-custom-content-position is-position-top-center\" style=\"min-height:353px;aspect-ratio:unset;\"><span aria-hidden=\"true\" class=\"wp-block-cover__background has-nv-site-bg-background-color has-background-dim-100 has-background-dim\"><\/span><div class=\"wp-block-cover__inner-container is-layout-flow wp-block-cover-is-layout-flow\">\n<p class=\"has-neve-link-color-color has-text-color has-medium-font-size\">ERFOLGREICHER ABSCHLUSS DER <strong>MITTELSCHULE<\/strong><\/p>\n\n\n\n<p><\/p>\n\n\n<div class=\"h5p-iframe-wrapper\"><iframe id=\"h5p-iframe-4\" class=\"h5p-iframe\" data-content-id=\"4\" style=\"height:1px\" src=\"about:blank\" frameBorder=\"0\" scrolling=\"no\" title=\"MS\"><\/iframe><\/div>\n<\/div><\/div>\n<\/div>\n\n\n\n<div class=\"wp-block-column is-layout-flow wp-block-column-is-layout-flow\">\n<div class=\"wp-block-cover has-custom-content-position is-position-top-center\" style=\"min-height:351px;aspect-ratio:unset;\"><span aria-hidden=\"true\" class=\"wp-block-cover__background has-nv-site-bg-background-color has-background-dim-100 has-background-dim\"><\/span><div class=\"wp-block-cover__inner-container is-layout-flow wp-block-cover-is-layout-flow\">\n<p class=\"has-neve-link-color-color has-text-color has-medium-font-size\"><strong>EXTERNE <\/strong>SCH\u00dcLERINNEN UND SCH\u00dcLER<\/p>\n\n\n\n<p><\/p>\n\n\n<div class=\"h5p-iframe-wrapper\"><iframe id=\"h5p-iframe-5\" class=\"h5p-iframe\" data-content-id=\"5\" style=\"height:1px\" src=\"about:blank\" frameBorder=\"0\" scrolling=\"no\" title=\"ext\"><\/iframe><\/div>\n<\/div><\/div>\n<\/div>\n<\/div>\n<\/div><\/div>\n<\/div><\/div>\n","protected":false},"excerpt":{"rendered":"","protected":false},"author":1,"featured_media":0,"parent":0,"menu_order":0,"comment_status":"closed","ping_status":"closed","template":"","meta":{"neve_meta_sidebar":"","neve_meta_container":"","neve_meta_enable_content_width":"","neve_meta_content_width":0,"neve_meta_title_alignment":"","neve_meta_author_avatar":"","neve_post_elements_order":"","neve_meta_disable_header":"","neve_meta_disable_footer":"","neve_meta_disable_title":"","footnotes":""},"class_list":["post-264","page","type-page","status-publish","hentry"],"_links":{"self":[{"href":"http:\/\/sfz-muenchen.musin.de\/wordpress\/wp-json\/wp\/v2\/pages\/264","targetHints":{"allow":["GET"]}}],"collection":[{"href":"http:\/\/sfz-muenchen.musin.de\/wordpress\/wp-json\/wp\/v2\/pages"}],"about":[{"href":"http:\/\/sfz-muenchen.musin.de\/wordpress\/wp-json\/wp\/v2\/types\/page"}],"author":[{"embeddable":true,"href":"http:\/\/sfz-muenchen.musin.de\/wordpress\/wp-json\/wp\/v2\/users\/1"}],"replies":[{"embeddable":true,"href":"http:\/\/sfz-muenchen.musin.de\/wordpress\/wp-json\/wp\/v2\/comments?post=264"}],"version-history":[{"count":54,"href":"http:\/\/sfz-muenchen.musin.de\/wordpress\/wp-json\/wp\/v2\/pages\/264\/revisions"}],"predecessor-version":[{"id":1066,"href":"http:\/\/sfz-muenchen.musin.de\/wordpress\/wp-json\/wp\/v2\/pages\/264\/revisions\/1066"}],"wp:attachment":[{"href":"http:\/\/sfz-muenchen.musin.de\/wordpress\/wp-json\/wp\/v2\/media?parent=264"}],"curies":[{"name":"wp","href":"https:\/\/api.w.org\/{rel}","templated":true}]}}

DAS SONDERPÄDAGOGISCHE FÖRDERZENTRUM (SFZ)

<div class="wp-block-cover alignfull"><span aria-hidden="true" class="wp-block-cover__background has-nv-site-bg-background-color has-background-dim-90 has-background-dim"></span><div class="wp-block-cover__inner-container is-layout-flow wp-block-cover-is-layout-flow">
<div class="wp-block-cover alignwide" style="min-height:433px;aspect-ratio:unset;"><span aria-hidden="true" class="wp-block-cover__background has-nv-text-dark-bg-background-color has-background-dim-0 has-background-dim"></span><div class="wp-block-cover__inner-container is-layout-flow wp-block-cover-is-layout-flow">
<div class="wp-block-columns is-layout-flex wp-container-core-columns-is-layout-1 wp-block-columns-is-layout-flex">
<div class="wp-block-column is-vertically-aligned-center is-layout-flow wp-block-column-is-layout-flow">
<h2 class="wp-block-heading has-neve-link-color-color has-text-color">DAS SONDERPÄDAGOGISCHE FÖRDERZENTRUM (SFZ)</h2>



<p class="has-neve-link-color-color has-text-color">KOMPETENZZENTRUM FÜR KINDER UND JUGENDLICHE MIT ERHÖHTEM FÖRDERBEDARF</p>



<p class="has-neve-link-color-color has-text-color">Die Schülerinnen und Schüler werden in kleinen Klassen unterrichtet und erhalten eine auf die individuellen Lernbedürfnisse zugeschnittene Förderung. Auf diese Weise unterstützen die sonderpädagogischen Förderzentren das aktive und angstfreie Lernen.</p>
</div>



<div class="wp-block-column is-layout-flow wp-block-column-is-layout-flow">
<figure class="wp-block-image size-medium is-resized"><img loading="lazy" decoding="async" width="300" height="300" src="http://sfz-muenchen.musin.de/wordpress/wp-content/uploads/2023/04/sfz-grafik-300x300.jpg" alt="" class="wp-image-52" style="width:385px;height:385px" srcset="http://sfz-muenchen.musin.de/wordpress/wp-content/uploads/2023/04/sfz-grafik-300x300.jpg 300w, http://sfz-muenchen.musin.de/wordpress/wp-content/uploads/2023/04/sfz-grafik-1024x1024.jpg 1024w, http://sfz-muenchen.musin.de/wordpress/wp-content/uploads/2023/04/sfz-grafik-150x150.jpg 150w, http://sfz-muenchen.musin.de/wordpress/wp-content/uploads/2023/04/sfz-grafik-768x768.jpg 768w, http://sfz-muenchen.musin.de/wordpress/wp-content/uploads/2023/04/sfz-grafik.jpg 1068w" sizes="auto, (max-width: 300px) 100vw, 300px" /></figure>
</div>
</div>
</div></div>
</div></div>



<div class="wp-block-cover alignfull"><span aria-hidden="true" class="wp-block-cover__background has-nv-site-bg-background-color has-background-dim-90 has-background-dim"></span><div class="wp-block-cover__inner-container is-layout-flow wp-block-cover-is-layout-flow">
<div class="wp-block-cover alignwide"><span aria-hidden="true" class="wp-block-cover__background has-nv-site-bg-background-color has-background-dim-90 has-background-dim"></span><div class="wp-block-cover__inner-container is-layout-flow wp-block-cover-is-layout-flow">
<div style="height:100px" aria-hidden="true" class="wp-block-spacer"></div>



<h2 class="wp-block-heading has-text-align-center has-neve-link-color-color has-text-color has-medium-font-size">Unsere Schülerinnen und Schüler haben sonderpädagogischen Förderbedarf in den Bereichen:</h2>



<div class="wp-block-columns is-layout-flex wp-container-core-columns-is-layout-2 wp-block-columns-is-layout-flex">
<div class="wp-block-column is-layout-flow wp-block-column-is-layout-flow">
<div class="wp-block-cover is-light has-custom-content-position is-position-top-left"><span aria-hidden="true" class="wp-block-cover__background has-background-dim-100 has-background-dim" style="background-color:#46b148"></span><div class="wp-block-cover__inner-container is-layout-flow wp-block-cover-is-layout-flow">
<h2 class="wp-block-heading has-nv-site-bg-color has-text-color">Lernen</h2>



<ul class="wp-block-list">
<li style="font-size:16px">Lernen</li>



<li style="font-size:16px">Motorik und Wahrnehmung</li>



<li style="font-size:16px">Denken und Lernstrategien</li>



<li style="font-size:16px">Kommunikation und Sprache</li>



<li style="font-size:16px">Emotionen und soziales Handeln</li>
</ul>
</div></div>
</div>



<div class="wp-block-column is-layout-flow wp-block-column-is-layout-flow">
<div class="wp-block-cover is-light has-custom-content-position is-position-top-left"><span aria-hidden="true" class="wp-block-cover__background has-background-dim-100 has-background-dim" style="background-color:#2ea6e4"></span><div class="wp-block-cover__inner-container is-layout-flow wp-block-cover-is-layout-flow">
<h2 class="wp-block-heading has-nv-site-bg-color has-text-color">Sprache</h2>



<ul class="wp-block-list">
<li style="font-size:16px;font-style:normal;font-weight:200">Artikulation und Grammatik</li>



<li style="font-size:16px;font-style:normal;font-weight:200">Wortschatz und Sprachverständnis</li>



<li style="font-size:16px;font-style:normal;font-weight:200">Auditive Wahrnehmung</li>



<li style="font-size:16px;font-style:normal;font-weight:200">Kommunikation</li>



<li style="font-size:16px;font-style:normal;font-weight:200">Redefluss</li>



<li style="font-size:16px;font-style:normal;font-weight:200">Stimme</li>



<li style="font-size:16px;font-style:normal;font-weight:200">Schriftsprache</li>
</ul>
</div></div>
</div>



<div class="wp-block-column is-layout-flow wp-block-column-is-layout-flow">
<div class="wp-block-cover is-light has-custom-content-position is-position-top-left"><span aria-hidden="true" class="wp-block-cover__background has-background-dim-100 has-background-dim" style="background-color:#f89c1d"></span><div class="wp-block-cover__inner-container is-layout-flow wp-block-cover-is-layout-flow">
<h2 class="wp-block-heading has-nv-site-bg-color has-text-color">emotionale und soziale Entwicklung</h2>



<ul class="wp-block-list">
<li style="font-size:16px;font-style:normal;font-weight:200">Verhaltenssteuerung</li>



<li style="font-size:16px;font-style:normal;font-weight:200">Aufmerksamkeitssteuerung</li>



<li style="font-size:16px;font-style:normal;font-weight:200">Ängste</li>



<li style="font-size:16px;font-style:normal;font-weight:200">Bindungssicherheit</li>



<li style="font-size:16px;font-style:normal;font-weight:200">Selbstwertgefühl und Misserfolgserwartungen</li>



<li style="font-size:16px;font-style:normal;font-weight:200">Sozialverhalten</li>



<li style="font-size:16px;font-style:normal;font-weight:200">Lern- und Leistungsmotivation</li>
</ul>
</div></div>
</div>
</div>



<p></p>
</div></div>
</div></div>



<div class="wp-block-cover alignfull"><span aria-hidden="true" class="wp-block-cover__background has-neve-link-hover-color-background-color has-background-dim-90 has-background-dim"></span><div class="wp-block-cover__inner-container is-layout-flow wp-block-cover-is-layout-flow">
<div style="height:100px" aria-hidden="true" class="wp-block-spacer"></div>



<div class="wp-block-cover alignwide"><span aria-hidden="true" class="wp-block-cover__background has-nv-site-bg-background-color has-background-dim-0 has-background-dim"></span><div class="wp-block-cover__inner-container is-layout-flow wp-block-cover-is-layout-flow">
<h1 class="wp-block-heading has-text-align-center has-nv-site-bg-color has-text-color">ERREICHBARE ABSCHLÜSSE AM SFZ</h1>



<div class="wp-block-columns is-layout-flex wp-container-core-columns-is-layout-3 wp-block-columns-is-layout-flex">
<div class="wp-block-column is-layout-flow wp-block-column-is-layout-flow">
<div class="wp-block-cover has-custom-content-position is-position-top-center" style="min-height:348px;aspect-ratio:unset;"><span aria-hidden="true" class="wp-block-cover__background has-nv-site-bg-background-color has-background-dim-100 has-background-dim"></span><div class="wp-block-cover__inner-container is-layout-flow wp-block-cover-is-layout-flow">
<p class="has-neve-link-color-color has-text-color has-medium-font-size">ABSCHLUSS MIT EINER BESCHREIBUNG DER ERREICHTEN<br><strong>INDIVIDUELLEN LERNZIELE </strong>UND KOMPETENZEN IN ALLEN<br>UNTERRICHTSFÄCHERN</p>


<div class="h5p-iframe-wrapper"><iframe id="h5p-iframe-1" class="h5p-iframe" data-content-id="1" style="height:1px" src="about:blank" frameBorder="0" scrolling="no" title="Abschlüsse"></iframe></div>
</div></div>
</div>



<div class="wp-block-column is-layout-flow wp-block-column-is-layout-flow">
<div class="wp-block-cover has-custom-content-position is-position-top-center" style="min-height:353px;aspect-ratio:unset;"><span aria-hidden="true" class="wp-block-cover__background has-nv-site-bg-background-color has-background-dim-100 has-background-dim"></span><div class="wp-block-cover__inner-container is-layout-flow wp-block-cover-is-layout-flow">
<p class="has-neve-link-color-color has-text-color has-medium-font-size">ERFOLGREICHER ABSCHLUSS IM BILDUNGSGANG<br>DES <strong>FÖRDERSCHWERPUNKTS LERNEN</strong></p>



<p></p>


<div class="h5p-iframe-wrapper"><iframe id="h5p-iframe-3" class="h5p-iframe" data-content-id="3" style="height:1px" src="about:blank" frameBorder="0" scrolling="no" title="L"></iframe></div>
</div></div>
</div>



<div class="wp-block-column is-layout-flow wp-block-column-is-layout-flow">
<div class="wp-block-cover has-custom-content-position is-position-top-center" style="min-height:353px;aspect-ratio:unset;"><span aria-hidden="true" class="wp-block-cover__background has-nv-site-bg-background-color has-background-dim-100 has-background-dim"></span><div class="wp-block-cover__inner-container is-layout-flow wp-block-cover-is-layout-flow">
<p class="has-neve-link-color-color has-text-color has-medium-font-size">ERFOLGREICHER ABSCHLUSS DER <strong>MITTELSCHULE</strong></p>



<p></p>


<div class="h5p-iframe-wrapper"><iframe id="h5p-iframe-4" class="h5p-iframe" data-content-id="4" style="height:1px" src="about:blank" frameBorder="0" scrolling="no" title="MS"></iframe></div>
</div></div>
</div>



<div class="wp-block-column is-layout-flow wp-block-column-is-layout-flow">
<div class="wp-block-cover has-custom-content-position is-position-top-center" style="min-height:351px;aspect-ratio:unset;"><span aria-hidden="true" class="wp-block-cover__background has-nv-site-bg-background-color has-background-dim-100 has-background-dim"></span><div class="wp-block-cover__inner-container is-layout-flow wp-block-cover-is-layout-flow">
<p class="has-neve-link-color-color has-text-color has-medium-font-size"><strong>EXTERNE </strong>SCHÜLERINNEN UND SCHÜLER</p>



<p></p>


<div class="h5p-iframe-wrapper"><iframe id="h5p-iframe-5" class="h5p-iframe" data-content-id="5" style="height:1px" src="about:blank" frameBorder="0" scrolling="no" title="ext"></iframe></div>
</div></div>
</div>
</div>
</div></div>
</div></div>
