{"id":515,"date":"2023-04-09T09:22:03","date_gmt":"2023-04-09T07:22:03","guid":{"rendered":"http:\/\/www.sfz-muenchen.musin.de\/wordpress\/?page_id=515"},"modified":"2025-01-13T07:43:41","modified_gmt":"2025-01-13T06:43:41","slug":"karte","status":"publish","type":"page","link":"https:\/\/sfz-muenchen.musin.de\/wordpress\/karte\/","title":{"rendered":"Karte"},"content":{"rendered":"\n<div class=\"wp-block-cover alignfull\"><span aria-hidden=\"true\" class=\"wp-block-cover__background has-nv-site-bg-background-color has-background-dim-90 has-background-dim\"><\/span><div class=\"wp-block-cover__inner-container is-layout-flow wp-block-cover-is-layout-flow\">\n<p><\/p>\n\n\n\n<h1 class=\"wp-block-heading has-text-align-center has-nv-dark-bg-background-color has-text-color has-background\" style=\"color:#9d9d9d\">DIE SONDERP\u00c4DAGOGISCHEN F\u00d6RDERZENTREN<br>IN M\u00dcNCHEN<\/h1>\n\n\n<div class=\"wp-block-image\">\n<figure class=\"aligncenter size-large is-resized\"><img loading=\"lazy\" decoding=\"async\" width=\"1024\" height=\"907\" src=\"https:\/\/sfz-muenchen.musin.de\/wordpress\/wp-content\/uploads\/2025\/01\/Karte-2025-1024x907.jpg\" alt=\"\" class=\"wp-image-1093\" style=\"width:840px;height:740px\" srcset=\"https:\/\/sfz-muenchen.musin.de\/wordpress\/wp-content\/uploads\/2025\/01\/Karte-2025-1024x907.jpg 1024w, https:\/\/sfz-muenchen.musin.de\/wordpress\/wp-content\/uploads\/2025\/01\/Karte-2025-300x266.jpg 300w, https:\/\/sfz-muenchen.musin.de\/wordpress\/wp-content\/uploads\/2025\/01\/Karte-2025-768x681.jpg 768w, https:\/\/sfz-muenchen.musin.de\/wordpress\/wp-content\/uploads\/2025\/01\/Karte-2025.jpg 1159w\" sizes=\"auto, (max-width: 1024px) 100vw, 1024px\" \/><\/figure><\/div>\n\n\n<p><\/p>\n\n\n\n<p class=\"has-text-align-center has-neve-link-hover-color-color has-text-color\">Sie m\u00f6chten wissen, welches F\u00f6rderzentrum f\u00fcr welchen Sprengel zust\u00e4ndig ist? <br>Dann klicken Sie bitte unten<\/p>\n\n\n\n<div class=\"wp-block-buttons is-content-justification-center is-layout-flex wp-container-core-buttons-is-layout-1 wp-block-buttons-is-layout-flex\">\n<div class=\"wp-block-button\"><a class=\"wp-block-button__link has-nv-c-2-background-color has-background has-text-align-center wp-element-button\" href=\"http:\/\/www.sfz-muenchen.musin.de\/wordpress\/sprengel\/\">Sprengelverzeichnis<\/a><\/div>\n<\/div>\n\n\n\n<div style=\"height:100px\" aria-hidden=\"true\" class=\"wp-block-spacer\"><\/div>\n<\/div><\/div>\n","protected":false},"excerpt":{"rendered":"","protected":false},"author":1,"featured_media":0,"parent":0,"menu_order":0,"comment_status":"closed","ping_status":"closed","template":"","meta":{"neve_meta_sidebar":"","neve_meta_container":"","neve_meta_enable_content_width":"","neve_meta_content_width":0,"neve_meta_title_alignment":"","neve_meta_author_avatar":"","neve_post_elements_order":"","neve_meta_disable_header":"","neve_meta_disable_footer":"","neve_meta_disable_title":"","footnotes":""},"class_list":["post-515","page","type-page","status-publish","hentry"],"_links":{"self":[{"href":"https:\/\/sfz-muenchen.musin.de\/wordpress\/wp-json\/wp\/v2\/pages\/515","targetHints":{"allow":["GET"]}}],"collection":[{"href":"https:\/\/sfz-muenchen.musin.de\/wordpress\/wp-json\/wp\/v2\/pages"}],"about":[{"href":"https:\/\/sfz-muenchen.musin.de\/wordpress\/wp-json\/wp\/v2\/types\/page"}],"author":[{"embeddable":true,"href":"https:\/\/sfz-muenchen.musin.de\/wordpress\/wp-json\/wp\/v2\/users\/1"}],"replies":[{"embeddable":true,"href":"https:\/\/sfz-muenchen.musin.de\/wordpress\/wp-json\/wp\/v2\/comments?post=515"}],"version-history":[{"count":13,"href":"https:\/\/sfz-muenchen.musin.de\/wordpress\/wp-json\/wp\/v2\/pages\/515\/revisions"}],"predecessor-version":[{"id":1094,"href":"https:\/\/sfz-muenchen.musin.de\/wordpress\/wp-json\/wp\/v2\/pages\/515\/revisions\/1094"}],"wp:attachment":[{"href":"https:\/\/sfz-muenchen.musin.de\/wordpress\/wp-json\/wp\/v2\/media?parent=515"}],"curies":[{"name":"wp","href":"https:\/\/api.w.org\/{rel}","templated":true}]}}