{"id":520,"date":"2023-04-09T09:25:25","date_gmt":"2023-04-09T07:25:25","guid":{"rendered":"http:\/\/www.sfz-muenchen.musin.de\/wordpress\/?page_id=520"},"modified":"2024-03-07T18:04:26","modified_gmt":"2024-03-07T17:04:26","slug":"inklusion","status":"publish","type":"page","link":"https:\/\/sfz-muenchen.musin.de\/wordpress\/inklusion\/","title":{"rendered":"Inklusion"},"content":{"rendered":"\n<div class=\"wp-block-cover alignfull\"><span aria-hidden=\"true\" class=\"wp-block-cover__background has-nv-site-bg-background-color has-background-dim-90 has-background-dim\"><\/span><div class=\"wp-block-cover__inner-container is-layout-flow wp-block-cover-is-layout-flow\">\n<div style=\"height:100px\" aria-hidden=\"true\" class=\"wp-block-spacer\"><\/div>\n\n\n\n<h1 class=\"wp-block-heading has-text-align-center has-neve-link-color-color has-text-color\">INKLUSION<\/h1>\n\n\n\n<div class=\"wp-block-cover alignwide\"><span aria-hidden=\"true\" class=\"wp-block-cover__background has-nv-site-bg-background-color has-background-dim-100 has-background-dim\"><\/span><div class=\"wp-block-cover__inner-container is-layout-flow wp-block-cover-is-layout-flow\">\n<div class=\"wp-block-columns is-layout-flex wp-container-core-columns-is-layout-1 wp-block-columns-is-layout-flex\">\n<div class=\"wp-block-column is-layout-flow wp-block-column-is-layout-flow\">\n<figure class=\"wp-block-image size-large\"><img loading=\"lazy\" decoding=\"async\" width=\"1024\" height=\"542\" src=\"http:\/\/sfz-muenchen.musin.de\/wordpress\/wp-content\/uploads\/2023\/05\/inklusion1-1024x542.jpg\" alt=\"\" class=\"wp-image-875\" srcset=\"https:\/\/sfz-muenchen.musin.de\/wordpress\/wp-content\/uploads\/2023\/05\/inklusion1-1024x542.jpg 1024w, https:\/\/sfz-muenchen.musin.de\/wordpress\/wp-content\/uploads\/2023\/05\/inklusion1-300x159.jpg 300w, https:\/\/sfz-muenchen.musin.de\/wordpress\/wp-content\/uploads\/2023\/05\/inklusion1-768x406.jpg 768w, https:\/\/sfz-muenchen.musin.de\/wordpress\/wp-content\/uploads\/2023\/05\/inklusion1-1536x812.jpg 1536w, https:\/\/sfz-muenchen.musin.de\/wordpress\/wp-content\/uploads\/2023\/05\/inklusion1.jpg 1974w\" sizes=\"auto, (max-width: 1024px) 100vw, 1024px\" \/><\/figure>\n<\/div>\n\n\n\n<div class=\"wp-block-column is-layout-flow wp-block-column-is-layout-flow\">\n<p><\/p>\n\n\n\n<p class=\"has-neve-link-color-color has-text-color has-medium-font-size\">Das bayerische Gesetz \u00fcber das Erziehungs- und Unterrichtswesen (BayEUG) legt fest, dass Sch\u00fclerinnen und Sch\u00fcler mit und ohne sonderp\u00e4dagogischem F\u00f6rderbedarf gemeinsam in den Schulen aller Schularten unterrichtet werden k\u00f6nnen: \u201eInklusiver Unterricht ist Aufgabe aller Schulen.\u201c<br>Art. 2 Abs. 2 BayEUG<\/p>\n<\/div>\n<\/div>\n\n\n\n<h2 class=\"wp-block-heading has-neve-link-color-color has-text-color\"><\/h2>\n\n\n\n<div class=\"wp-block-cover\"><span aria-hidden=\"true\" class=\"wp-block-cover__background has-background-dim-100 has-background-dim\" style=\"background-color:#515f7d\"><\/span><div class=\"wp-block-cover__inner-container is-layout-flow wp-block-cover-is-layout-flow\">\n<div class=\"wp-block-columns is-layout-flex wp-container-core-columns-is-layout-5 wp-block-columns-is-layout-flex\">\n<div class=\"wp-block-column is-layout-flow wp-block-column-is-layout-flow\" style=\"flex-basis:66%\">\n<div class=\"wp-block-columns is-layout-flex wp-container-core-columns-is-layout-2 wp-block-columns-is-layout-flex\">\n<div class=\"wp-block-column is-layout-flow wp-block-column-is-layout-flow\">\n<div class=\"wp-block-cover has-custom-content-position is-position-top-left\"><span aria-hidden=\"true\" class=\"wp-block-cover__background has-nv-c-2-background-color has-background-dim-100 has-background-dim\"><\/span><div class=\"wp-block-cover__inner-container is-layout-flow wp-block-cover-is-layout-flow\">\n<h2 class=\"wp-block-heading has-text-align-left\" style=\"font-size:18px\">Inklusionsberatung am Staatlichen Schulamt<\/h2>\n\n\n\n<p>Mit diesen Anliegen k\u00f6nnen sich Eltern und Erziehungsberechtigte an die Beratungsstelle wenden:<\/p>\n\n\n\n<ul class=\"wp-block-list\">\n<li>Information \u00fcber M\u00f6glichkeiten der schulischen Inklusion<\/li>\n\n\n\n<li>Beratung beim \u00dcbergang von der Kindertageseinrichtung zur Schule<\/li>\n\n\n\n<li>Information zu Angeboten schulischer und au\u00dferschulischer Unterst\u00fctzung<\/li>\n\n\n\n<li>Fragen zur Schulaufnahme, zur Schullaufbahn und zu schulischen Abschl\u00fcssen<\/li>\n<\/ul>\n\n\n\t\t\t\t\t\t<style>\r\n\t\t\t\t<style>\r\n#wpsm_accordion_909 .wpsm_panel-heading{\r\n\tpadding:0px !important;\r\n}\r\n#wpsm_accordion_909 .wpsm_panel-title {\r\n\tmargin:0px !important; \r\n\ttext-transform:none !important;\r\n\tline-height: 1 !important;\r\n}\r\n#wpsm_accordion_909 .wpsm_panel-title a{\r\n\ttext-decoration:none;\r\n\toverflow:hidden;\r\n\tdisplay:block;\r\n\tpadding:0px;\r\n\tfont-size: 20px !important;\r\n\tfont-family: Helvetica !important;\r\n\tcolor:#ffffff !important;\r\n\tborder-bottom:0px !important;\r\n}\r\n\r\n#wpsm_accordion_909 .wpsm_panel-title a:focus {\r\noutline: 0px !important;\r\n}\r\n\r\n#wpsm_accordion_909 .wpsm_panel-title a:hover, #wpsm_accordion_909 .wpsm_panel-title a:focus {\r\n\tcolor:#ffffff !important;\r\n}\r\n#wpsm_accordion_909 .acc-a{\r\n\tcolor: #ffffff !important;\r\n\tbackground-color:#f37262 !important;\r\n\tborder-color: #ddd;\r\n}\r\n#wpsm_accordion_909 .wpsm_panel-default > .wpsm_panel-heading{\r\n\tcolor: #ffffff !important;\r\n\tbackground-color: #f37262 !important;\r\n\tborder-color: #f37262 !important;\r\n\tborder-top-left-radius: 0px;\r\n\tborder-top-right-radius: 0px;\r\n}\r\n#wpsm_accordion_909 .wpsm_panel-default {\r\n\t\tborder:0px solid transparent !important;\r\n\t}\r\n#wpsm_accordion_909 {\r\n\tmargin-bottom: 20px;\r\n\toverflow: hidden;\r\n\tfloat: none;\r\n\twidth: 100%;\r\n\tdisplay: block;\r\n}\r\n#wpsm_accordion_909 .ac_title_class{\r\n\tdisplay: block;\r\n\tpadding-top: 12px;\r\n\tpadding-bottom: 12px;\r\n\tpadding-left: 15px;\r\n\tpadding-right: 15px;\r\n}\r\n#wpsm_accordion_909  .wpsm_panel {\r\n\toverflow:hidden;\r\n\t-webkit-box-shadow: 0 0px 0px rgba(0, 0, 0, .05);\r\n\tbox-shadow: 0 0px 0px rgba(0, 0, 0, .05);\r\n\t\t\tborder-radius: 0px;\r\n\t}\r\n#wpsm_accordion_909  .wpsm_panel + .wpsm_panel {\r\n\t\tmargin-top: 0px;\r\n\t}\r\n#wpsm_accordion_909  .wpsm_panel-body{\r\n\tbackground-color:#ffffff !important;\r\n\tcolor:#000000 !important;\r\n\tborder-top-color: #f37262 !important;\r\n\tfont-size:16px !important;\r\n\tfont-family: Helvetica !important;\r\n\toverflow: hidden;\r\n\t\tborder: 2px solid transparent !important;\r\n\t}\r\n\r\n#wpsm_accordion_909 .ac_open_cl_icon{\r\n\tbackground-color:#f37262 !important;\r\n\tcolor: #ffffff !important;\r\n\tfloat:left !important;\r\n\tpadding-top: 12px !important;\r\n\tpadding-bottom: 12px !important;\r\n\tline-height: 1.0 !important;\r\n\tpadding-left: 15px !important;\r\n\tpadding-right: 15px !important;\r\n\tdisplay: inline-block !important;\r\n}\r\n\r\n\t\t\t\r\n\t\t\t<\/style>\t\r\n\t\t\t<\/style>\r\n\t\t\t<div class=\"wpsm_panel-group\" id=\"wpsm_accordion_909\" >\r\n\t\t\t\t\t\t\t\t\r\n\t\t\t\t\t<!-- Inner panel Start -->\r\n\t\t\t\t\t<div class=\"wpsm_panel wpsm_panel-default\">\r\n\t\t\t\t\t\t<div class=\"wpsm_panel-heading\" role=\"tab\" >\r\n\t\t\t\t\t\t  <h4 class=\"wpsm_panel-title\">\r\n\t\t\t\t\t\t\t<a  class=\"\"  data-toggle=\"collapse\" data-parent=\"#wpsm_accordion_909 \" href=\"javascript:void(0)\" data-target=\"#ac_909_collapse1\" onclick=\"do_resize()\">\r\n\t\t\t\t\t\t\t\t \r\n\t\t\t\t\t\t\t\t<span class=\"ac_title_class\">\r\n\t\t\t\t\t\t\t\t\t\t\t\t\t\t\t\t\t\t\t\t<span style=\"margin-right:6px;\" class=\"fa fa-chevron-circle-right\"><\/span>\r\n\t\t\t\t\t\t\t\t\tKONTAKT\t\t\t\t\t\t\t\t<\/span>\r\n\t\t\t\t\t\t\t<\/a>\r\n\t\t\t\t\t\t  <\/h4>\r\n\t\t\t\t\t\t<\/div>\r\n\t\t\t\t\t\t<div id=\"ac_909_collapse1\" class=\"wpsm_panel-collapse collapse \"  >\r\n\t\t\t\t\t\t  <div class=\"wpsm_panel-body\">\r\n\t\t\t\t\t\t\t<h5>Telefon (Zentrale): 0\u200989\u2009\/\u200923\u200938\u200933\u200900<\/h5>\r\nSchwanthaler Str. 40\/ 6.Stock, 80336 M\u00fcnchen (in den R\u00e4umen der Bildungsberatung)\r\n\r\n<hr \/>\r\n\r\n<h5>Telefonsprechzeiten: Do. 9:00 - 12:00 Uhr \/ 13:00 - 14:30 Uhr<\/h5>\r\nTelefon zu den Sprechzeiten: 0\u200989\u2009\/\u200923\u200936\u200965\u200911\r\n\r\n<hr \/>\r\n\r\nE-Mail: inklusionsberatung-schulamt@muenchen.de\t\t\t\t\t\t  <\/div>\r\n\t\t\t\t\t\t<\/div>\r\n\t\t\t\t\t<\/div>\r\n\t\t\t\t\t<!-- Inner panel End -->\r\n\t\t\t\t\t\r\n\t\t\t\t\t\t\t<\/div>\r\n\t\t\t\r\n<script type=\"text\/javascript\">\r\n\t\r\n\t\tfunction do_resize(){\r\n\r\n\t\t\tvar width=jQuery( '.wpsm_panel .wpsm_panel-body iframe' ).width();\r\n\t\t\tvar height=jQuery( '.wpsm_panel .wpsm_panel-body iframe' ).height();\r\n\r\n\t\t\tvar toggleSize = true;\r\n\t\t\tjQuery('iframe').animate({\r\n\t\t\t    width: toggleSize ? width : 640,\r\n\t\t\t    height: toggleSize ? height : 360\r\n\t\t\t  }, 250);\r\n\r\n\t\t\t  toggleSize = !toggleSize;\r\n\t\t}\r\n\t\t\r\n<\/script>\t\n\n\n\n<p><\/p>\n\n\n\n<p class=\"has-small-font-size\">Die Beratung ist neutral, ergebnisoffen und kostenfrei, die Beraterinnen und Berater unterliegen der Schweigepflicht. Es beraten Schulpsychologinnen und -psychologen, Beratungsrektorinnen und -rektoren der Grund- und Mittelschulen sowie Sonderp\u00e4dagoginnen und Sonderp\u00e4dagogen, die in den Mobilen Sonderp\u00e4dagogischen Diensten der F\u00f6rderzentren bzw. an Schulen mit dem Profil Inklusion arbeiten.<\/p>\n<\/div><\/div>\n<\/div>\n<\/div>\n<\/div>\n\n\n\n<div class=\"wp-block-column is-layout-flow wp-block-column-is-layout-flow\">\n<div class=\"wp-block-cover has-parallax has-custom-content-position is-position-top-left\" style=\"min-height:218px;aspect-ratio:unset;\"><span aria-hidden=\"true\" class=\"wp-block-cover__background has-neve-link-color-background-color has-background-dim-100 has-background-dim\"><\/span><div role=\"img\" class=\"wp-block-cover__image-background wp-image-48 has-parallax\" style=\"background-position:50% 50%;background-image:url(http:\/\/www.sfz-muenchen.musin.de\/wordpress\/wp-content\/uploads\/2023\/04\/hintergrund-scaled.jpg)\"><\/div><div class=\"wp-block-cover__inner-container is-layout-flow wp-block-cover-is-layout-flow\">\n<h2 class=\"wp-block-heading has-text-align-left\" style=\"font-size:18px\">Adressen<\/h2>\n\n\n\n<p>Regelschulen mit dem Schulprofil Inklusion<\/p>\n\n\n\t\t\t\t\t\t<style>\r\n\t\t\t\t<style>\r\n#wpsm_accordion_892 .wpsm_panel-heading{\r\n\tpadding:0px !important;\r\n}\r\n#wpsm_accordion_892 .wpsm_panel-title {\r\n\tmargin:0px !important; \r\n\ttext-transform:none !important;\r\n\tline-height: 1 !important;\r\n}\r\n#wpsm_accordion_892 .wpsm_panel-title a{\r\n\ttext-decoration:none;\r\n\toverflow:hidden;\r\n\tdisplay:block;\r\n\tpadding:0px;\r\n\tfont-size: 18px !important;\r\n\tfont-family: Helvetica !important;\r\n\tcolor:#ffffff !important;\r\n\tborder-bottom:0px !important;\r\n}\r\n\r\n#wpsm_accordion_892 .wpsm_panel-title a:focus {\r\noutline: 0px !important;\r\n}\r\n\r\n#wpsm_accordion_892 .wpsm_panel-title a:hover, #wpsm_accordion_892 .wpsm_panel-title a:focus {\r\n\tcolor:#ffffff !important;\r\n}\r\n#wpsm_accordion_892 .acc-a{\r\n\tcolor: #ffffff !important;\r\n\tbackground-color:#484545 !important;\r\n\tborder-color: #ddd;\r\n}\r\n#wpsm_accordion_892 .wpsm_panel-default > .wpsm_panel-heading{\r\n\tcolor: #ffffff !important;\r\n\tbackground-color: #484545 !important;\r\n\tborder-color: #484545 !important;\r\n\tborder-top-left-radius: 0px;\r\n\tborder-top-right-radius: 0px;\r\n}\r\n#wpsm_accordion_892 .wpsm_panel-default {\r\n\t\tborder:0px solid transparent !important;\r\n\t}\r\n#wpsm_accordion_892 {\r\n\tmargin-bottom: 20px;\r\n\toverflow: hidden;\r\n\tfloat: none;\r\n\twidth: 100%;\r\n\tdisplay: block;\r\n}\r\n#wpsm_accordion_892 .ac_title_class{\r\n\tdisplay: block;\r\n\tpadding-top: 12px;\r\n\tpadding-bottom: 12px;\r\n\tpadding-left: 15px;\r\n\tpadding-right: 15px;\r\n}\r\n#wpsm_accordion_892  .wpsm_panel {\r\n\toverflow:hidden;\r\n\t-webkit-box-shadow: 0 0px 0px rgba(0, 0, 0, .05);\r\n\tbox-shadow: 0 0px 0px rgba(0, 0, 0, .05);\r\n\t\t\tborder-radius: 0px;\r\n\t}\r\n#wpsm_accordion_892  .wpsm_panel + .wpsm_panel {\r\n\t\tmargin-top: 0px;\r\n\t}\r\n#wpsm_accordion_892  .wpsm_panel-body{\r\n\tbackground-color:#ffffff !important;\r\n\tcolor:#484545 !important;\r\n\tborder-top-color: #484545 !important;\r\n\tfont-size:16px !important;\r\n\tfont-family: Helvetica !important;\r\n\toverflow: hidden;\r\n\t\tborder: 2px solid transparent !important;\r\n\t}\r\n\r\n#wpsm_accordion_892 .ac_open_cl_icon{\r\n\tbackground-color:#484545 !important;\r\n\tcolor: #ffffff !important;\r\n\tfloat:left !important;\r\n\tpadding-top: 12px !important;\r\n\tpadding-bottom: 12px !important;\r\n\tline-height: 1.0 !important;\r\n\tpadding-left: 15px !important;\r\n\tpadding-right: 15px !important;\r\n\tdisplay: inline-block !important;\r\n}\r\n\r\n\t\t\t\r\n\t\t\t<\/style>\t\r\n\t\t\t<\/style>\r\n\t\t\t<div class=\"wpsm_panel-group\" id=\"wpsm_accordion_892\" >\r\n\t\t\t\t\t\t\t\t\r\n\t\t\t\t\t<!-- Inner panel Start -->\r\n\t\t\t\t\t<div class=\"wpsm_panel wpsm_panel-default\">\r\n\t\t\t\t\t\t<div class=\"wpsm_panel-heading\" role=\"tab\" >\r\n\t\t\t\t\t\t  <h4 class=\"wpsm_panel-title\">\r\n\t\t\t\t\t\t\t<a  class=\"\"  data-toggle=\"collapse\" data-parent=\"#wpsm_accordion_892 \" href=\"javascript:void(0)\" data-target=\"#ac_892_collapse1\" onclick=\"do_resize()\">\r\n\t\t\t\t\t\t\t\t \r\n\t\t\t\t\t\t\t\t<span class=\"ac_title_class\">\r\n\t\t\t\t\t\t\t\t\t\t\t\t\t\t\t\t\t\t\t\t<span style=\"margin-right:6px;\" class=\"fa fa-chevron-circle-right\"><\/span>\r\n\t\t\t\t\t\t\t\t\tGrundschulen\t\t\t\t\t\t\t\t<\/span>\r\n\t\t\t\t\t\t\t<\/a>\r\n\t\t\t\t\t\t  <\/h4>\r\n\t\t\t\t\t\t<\/div>\r\n\t\t\t\t\t\t<div id=\"ac_892_collapse1\" class=\"wpsm_panel-collapse collapse \"  >\r\n\t\t\t\t\t\t  <div class=\"wpsm_panel-body\">\r\n\t\t\t\t\t\t\t<h5>Grundschule am Hedernfeld<\/h5>\r\nAm Hedernfeld 42-44, 81375 M\u00fcnchen\r\n(SFZ Mitte 3)\r\n\r\n<hr \/>\r\n\r\n<h5>Grundschule Baierbrunner Stra\u00dfe<\/h5>\r\nBaierbrunner Str. 53, 81379 M\u00fcnchen\r\n(SFZ S\u00fcd)\r\n\r\n<hr \/>\r\n\r\n<h5>Grundschule Margarethe-Danzi-Stra\u00dfe<\/h5>\r\nMargarethe-Danzi-Str. 17, 80639 M\u00fcnchen\r\n(SFZ West)\r\n\r\n<hr \/>\r\n\r\n<h5>Grundschule Rothpletzstra\u00dfe<\/h5>\r\nRothpletzstra\u00dfe 40, 80937 M\u00fcnchen\r\n(SFZ Nord-Ost)\r\n\r\n<hr \/>\r\n\r\n<h5>Grundschule Schrobenhausener Stra\u00dfe<\/h5>\r\nSchrobenhausener Str. 15, 80686 M\u00fcnchen\r\n(SFZ Mitte 3)\r\n\r\n<hr \/>\r\n\r\n<h5>Grundschule am Theodor-Heuss-Platz<\/h5>\r\nTheodor-Heuss-Platz 6, 81737 M\u00fcnchen\r\n(SFZ S\u00fcd-Ost)\t\t\t\t\t\t  <\/div>\r\n\t\t\t\t\t\t<\/div>\r\n\t\t\t\t\t<\/div>\r\n\t\t\t\t\t<!-- Inner panel End -->\r\n\t\t\t\t\t\r\n\t\t\t\t\t\t\t\t\r\n\t\t\t\t\t<!-- Inner panel Start -->\r\n\t\t\t\t\t<div class=\"wpsm_panel wpsm_panel-default\">\r\n\t\t\t\t\t\t<div class=\"wpsm_panel-heading\" role=\"tab\" >\r\n\t\t\t\t\t\t  <h4 class=\"wpsm_panel-title\">\r\n\t\t\t\t\t\t\t<a  class=\"collapsed\"  data-toggle=\"collapse\" data-parent=\"#wpsm_accordion_892 \" href=\"javascript:void(0)\" data-target=\"#ac_892_collapse2\" onclick=\"do_resize()\">\r\n\t\t\t\t\t\t\t\t \r\n\t\t\t\t\t\t\t\t<span class=\"ac_title_class\">\r\n\t\t\t\t\t\t\t\t\t\t\t\t\t\t\t\t\t\t\t\t<span style=\"margin-right:6px;\" class=\"fa fa-chevron-circle-right\"><\/span>\r\n\t\t\t\t\t\t\t\t\tMittelschulen\t\t\t\t\t\t\t\t<\/span>\r\n\t\t\t\t\t\t\t<\/a>\r\n\t\t\t\t\t\t  <\/h4>\r\n\t\t\t\t\t\t<\/div>\r\n\t\t\t\t\t\t<div id=\"ac_892_collapse2\" class=\"wpsm_panel-collapse collapse \"  >\r\n\t\t\t\t\t\t  <div class=\"wpsm_panel-body\">\r\n\t\t\t\t\t\t\t<h5>Mittelschule Elisabeth-Kohn-Stra\u00dfe<\/h5>\r\nElisabeth-Kohn-Stra\u00dfe 4, 80797 M\u00fcnchen\r\n(SFZ Mitte 1)\r\n\r\n<hr \/>\r\n\r\n<h5>Mittelschule Gerhart-Hauptmann-Ring<\/h5>\r\nGerhart-Hauptmann-Ring 15, 81737 M\u00fcnchen\r\n(SFZ S\u00fcd-Ost)\r\n\r\n<hr \/>\r\n\r\n<h5>Mittelschule Schlei\u00dfheimer Stra\u00dfe<\/h5>\r\nSchlei\u00dfheimer Stra\u00dfe 275, 80809 M\u00fcnchen\r\n(SFZ Mitte 1)\r\n\r\n<hr \/>\r\n\r\n<h5>Mittelschule Schrobenhausener Stra\u00dfe<\/h5>\r\nSchrobenhausener Stra\u00dfe 15, 80686 M\u00fcnchen\r\n(SFZ Mitte 3)\t\t\t\t\t\t  <\/div>\r\n\t\t\t\t\t\t<\/div>\r\n\t\t\t\t\t<\/div>\r\n\t\t\t\t\t<!-- Inner panel End -->\r\n\t\t\t\t\t\r\n\t\t\t\t\t\t\t\t\r\n\t\t\t\t\t<!-- Inner panel Start -->\r\n\t\t\t\t\t<div class=\"wpsm_panel wpsm_panel-default\">\r\n\t\t\t\t\t\t<div class=\"wpsm_panel-heading\" role=\"tab\" >\r\n\t\t\t\t\t\t  <h4 class=\"wpsm_panel-title\">\r\n\t\t\t\t\t\t\t<a  class=\"collapsed\"  data-toggle=\"collapse\" data-parent=\"#wpsm_accordion_892 \" href=\"javascript:void(0)\" data-target=\"#ac_892_collapse3\" onclick=\"do_resize()\">\r\n\t\t\t\t\t\t\t\t \r\n\t\t\t\t\t\t\t\t<span class=\"ac_title_class\">\r\n\t\t\t\t\t\t\t\t\t\t\t\t\t\t\t\t\t\t\t\t<span style=\"margin-right:6px;\" class=\"fa fa-chevron-circle-right\"><\/span>\r\n\t\t\t\t\t\t\t\t\tF\u00f6rderschulen\t\t\t\t\t\t\t\t<\/span>\r\n\t\t\t\t\t\t\t<\/a>\r\n\t\t\t\t\t\t  <\/h4>\r\n\t\t\t\t\t\t<\/div>\r\n\t\t\t\t\t\t<div id=\"ac_892_collapse3\" class=\"wpsm_panel-collapse collapse \"  >\r\n\t\t\t\t\t\t  <div class=\"wpsm_panel-body\">\r\n\t\t\t\t\t\t\t<h5>Ernst-Barlach-Schulen GmbH, Priv. Fachoberschule zur sonderp\u00e4dagogischen F\u00f6rderung<\/h5>\r\nBarlachstra\u00dfe 36 - 80804 M\u00fcnchen\r\n\r\n<hr \/>\r\n\r\n<h5>Edith-Stein-Realschule Unterschlei\u00dfheim<\/h5>\r\n<div>Pater-Setzer-Platz 1 - 85716 Unterschlei\u00dfheim<\/div>\r\n\r\n<hr \/>\r\n\r\n<h5>Ernst-Barlach-Realschule der Stiftung Pfennigparade<\/h5>\r\nBarlachstra\u00dfe 36 - 80804 M\u00fcnchen\r\n\r\n<hr \/>\r\n\r\n<h5>Otto-Steiner-Schule M\u00fcnchen<\/h5>\r\n<span class=\"LrzXr\">Rainfarnstra\u00dfe 44 - 80933 M\u00fcnchen<\/span>\r\n\r\n<hr \/>\r\n\r\n<h5>Montessori-Schule M\u00fcnchen Privates Sonderp\u00e4dagogisches F\u00f6rderzentrum<\/h5>\r\nHeiglhofstra\u00dfe 63 - 81377 M\u00fcnchen\r\n\r\n<hr \/>\r\n\r\n<h5>Samuel-Heinicke-Schule, Priv. Fachoberschule zur sonderp\u00e4d. F\u00f6rderung<\/h5>\r\nDachstra\u00dfe 19 - 81243 M\u00fcnchen\r\n\r\n<hr \/>\r\n\r\n<h5>Wichern-Zentrum M\u00fcnchen Privates F\u00f6rderzentrum F\u00f6rderschwerpunkt emotionale und soziale Entwicklung<\/h5>\r\nHeinrich-Braun-Weg 9 - 80933 M\u00fcnchen\r\n\r\n<hr \/>\r\n\r\n<h5>Mathilde-Eller-Schule<\/h5>\r\nKlenzestra\u00dfe 27 - 80469 M\u00fcnchen\r\n\r\n<hr \/>\r\n\r\n<h5>Sonderp\u00e4dagogisches F\u00f6rderzentrum M\u00fcnchen-West<\/h5>\r\nHelmut-Schmidt-Allee 45 - 81249 M\u00fcnchen\r\n\r\n<hr \/>\r\n\r\n<h5>Ernst-Barlach-Schule<\/h5>\r\nBarlachstra\u00dfe 38 - 80804 M\u00fcnchen\r\n\r\n<hr \/>\r\n\r\n<h5>SFZ M\u00fcnchen Nord-Ost<\/h5>\r\nRothpletzstra\u00dfe 40 - 80937 M\u00fcnchen\r\n\r\n<hr \/>\r\n\r\n<h5>FZ gE Unterhaching<\/h5>\r\n<div>Gr\u00fcnwalder Weg 8b - 82008 Unterhaching<\/div>\r\n<div>\r\n\r\n<hr \/>\r\n\r\n<\/div>\r\n<h5>SFZ Unterhaching - Hachinger Tal Schule<\/h5>\r\nGr\u00fcnwalder Weg 8c - 82008 Unterhaching\r\n\r\n<hr \/>\t\t\t\t\t\t  <\/div>\r\n\t\t\t\t\t\t<\/div>\r\n\t\t\t\t\t<\/div>\r\n\t\t\t\t\t<!-- Inner panel End -->\r\n\t\t\t\t\t\r\n\t\t\t\t\t\t\t<\/div>\r\n\t\t\t\r\n<script type=\"text\/javascript\">\r\n\t\r\n\t\tfunction do_resize(){\r\n\r\n\t\t\tvar width=jQuery( '.wpsm_panel .wpsm_panel-body iframe' ).width();\r\n\t\t\tvar height=jQuery( '.wpsm_panel .wpsm_panel-body iframe' ).height();\r\n\r\n\t\t\tvar toggleSize = true;\r\n\t\t\tjQuery('iframe').animate({\r\n\t\t\t    width: toggleSize ? width : 640,\r\n\t\t\t    height: toggleSize ? height : 360\r\n\t\t\t  }, 250);\r\n\r\n\t\t\t  toggleSize = !toggleSize;\r\n\t\t}\r\n\t\t\r\n<\/script>\t\n<\/div><\/div>\n\n\n\n<div class=\"wp-block-columns is-layout-flex wp-container-core-columns-is-layout-3 wp-block-columns-is-layout-flex\">\n<div class=\"wp-block-column is-layout-flow wp-block-column-is-layout-flow\"><\/div>\n<\/div>\n\n\n\n<div class=\"wp-block-columns is-layout-flex wp-container-core-columns-is-layout-4 wp-block-columns-is-layout-flex\">\n<div class=\"wp-block-column is-layout-flow wp-block-column-is-layout-flow\"><\/div>\n<\/div>\n<\/div>\n<\/div>\n\n\n\n<div class=\"wp-block-columns is-layout-flex wp-container-core-columns-is-layout-7 wp-block-columns-is-layout-flex\">\n<div class=\"wp-block-column is-layout-flow wp-block-column-is-layout-flow\">\n<div class=\"wp-block-cover\"><span aria-hidden=\"true\" class=\"wp-block-cover__background has-nv-text-dark-bg-background-color has-background-dim\"><\/span><div class=\"wp-block-cover__inner-container is-layout-flow wp-block-cover-is-layout-flow\">\n<p><\/p>\n\n\n\n<p class=\"has-text-align-center has-large-font-size\">An Schulen mit dem Schulprofil Inklusion\u2026<\/p>\n\n\n\n<div class=\"wp-block-columns is-layout-flex wp-container-core-columns-is-layout-6 wp-block-columns-is-layout-flex\">\n<div class=\"wp-block-column is-layout-flow wp-block-column-is-layout-flow\">\n<p>\u2026sind die Lehrkr\u00e4fte der Sonderp\u00e4dagogischen F\u00f6rderzentren vor Ort und in das Kollegium der Regelschule eingebunden.<\/p>\n\n\n\n<p class=\"has-text-align-right\"><br>\u2026werden Sch\u00fclerinnen und Sch\u00fcler mit sonderp\u00e4dagogischem F\u00f6rderbedarf aus dem Schulsprengel der Regelschule intensiv unterst\u00fctzt und begleitet.<\/p>\n\n\n\n<p><br>\u2026k\u00f6nnen Sch\u00fclerinnen und Sch\u00fcler mit F\u00f6rderbedarf in den F\u00f6rderschwerpunkten Lernen, Sprache und sozial-emotionale Entwicklung durch sonderp\u00e4dagogische Diagnostik und kooperative F\u00f6rderplanung gezielt im Klassenverband und\/oder in Kleingruppen gest\u00fctzt werden.<\/p>\n\n\n\n<p class=\"has-text-align-right\"><br>\u2026k\u00f6nnen Mobile Sonderp\u00e4dagogische Dienste hinzugezogen werden.<\/p>\n\n\n\n<p class=\"has-text-align-left\"><br>\u2026erfahren Lehrkr\u00e4fte und Eltern spezielle Beratung und Unterst\u00fctzung in der F\u00f6rderplanung und deren Umsetzung.<\/p>\n\n\n\n<p class=\"has-text-align-right\"><br>\u2026werden Wege zur gleichberechtigten Teilhabe aller Sch\u00fclerinnen und Sch\u00fcler am gemeinsamen Lernen entwickelt und umgesetzt.<\/p>\n<\/div>\n<\/div>\n<\/div><\/div>\n<\/div>\n<\/div>\n<\/div><\/div>\n<\/div><\/div>\n\n\n\n<div style=\"height:100px\" aria-hidden=\"true\" class=\"wp-block-spacer\"><\/div>\n<\/div><\/div>\n","protected":false},"excerpt":{"rendered":"","protected":false},"author":1,"featured_media":0,"parent":0,"menu_order":0,"comment_status":"closed","ping_status":"closed","template":"","meta":{"neve_meta_sidebar":"","neve_meta_container":"","neve_meta_enable_content_width":"","neve_meta_content_width":0,"neve_meta_title_alignment":"","neve_meta_author_avatar":"","neve_post_elements_order":"","neve_meta_disable_header":"","neve_meta_disable_footer":"","neve_meta_disable_title":"","footnotes":""},"class_list":["post-520","page","type-page","status-publish","hentry"],"_links":{"self":[{"href":"https:\/\/sfz-muenchen.musin.de\/wordpress\/wp-json\/wp\/v2\/pages\/520","targetHints":{"allow":["GET"]}}],"collection":[{"href":"https:\/\/sfz-muenchen.musin.de\/wordpress\/wp-json\/wp\/v2\/pages"}],"about":[{"href":"https:\/\/sfz-muenchen.musin.de\/wordpress\/wp-json\/wp\/v2\/types\/page"}],"author":[{"embeddable":true,"href":"https:\/\/sfz-muenchen.musin.de\/wordpress\/wp-json\/wp\/v2\/users\/1"}],"replies":[{"embeddable":true,"href":"https:\/\/sfz-muenchen.musin.de\/wordpress\/wp-json\/wp\/v2\/comments?post=520"}],"version-history":[{"count":32,"href":"https:\/\/sfz-muenchen.musin.de\/wordpress\/wp-json\/wp\/v2\/pages\/520\/revisions"}],"predecessor-version":[{"id":1051,"href":"https:\/\/sfz-muenchen.musin.de\/wordpress\/wp-json\/wp\/v2\/pages\/520\/revisions\/1051"}],"wp:attachment":[{"href":"https:\/\/sfz-muenchen.musin.de\/wordpress\/wp-json\/wp\/v2\/media?parent=520"}],"curies":[{"name":"wp","href":"https:\/\/api.w.org\/{rel}","templated":true}]}}